 of q and 1.
1
Let h(j) = j**2 - j + 8. Let o be h(0). Suppose q + 2 = -s - o, 0 = 4*s - 2*q + 40. Let m be -3 + 1 + s/(-1). Calculate the highest common divisor of m and 16.
8
Let h(w) = w**2 - 5*w + 2. Let x be h(7). What is the highest common divisor of x and 2?
2
Suppose 928 + 206 = 9*q. Calculate the greatest common factor of q and 9.
9
Suppose 0*q + 2*q + 5*c - 39 = 0, 2*c = 4*q - 90. Let l be 1059/6 + 2/(-4). Calculate the highest common divisor of l and q.
22
Suppose 0 = -3*l + 120 - 21. Calculate the highest common factor of 3 and l.
3
Let t be 0 + 3 - (3 - 4). Calculate the highest common factor of t and 2.
2
Suppose 5*v - 12 = -3*w, -3*v - 16 = -4*w - 7*v. Let h = 7 + w. What is the highest common factor of h and 11?
11
Suppose 22 = 3*j + 2*g, -g + 56 = 4*j - 5*g. Let n be (-804)/(-9) + (-4)/(-6). Calculate the highest common factor of j and n.
10
Let k = -227 + 435. What is the highest common divisor of 26 and k?
26
Suppose 4*f - n = 28, 7 = f + 3*n - 2*n. Calculate the greatest common divisor of f and 49.
7
Let a = 197 - 98. Calculate the greatest common factor of 11 and a.
11
Suppose -33*n = -27*n - 72. Calculate the highest common factor of 28 and n.
4
Let f = 34 + -2. Let x(g) = -g**3 + 2*g**2 + g + 2. Let c be x(2). Calculate the greatest common factor of f and c.
4
Let f be 2*(-2 + (-74)/4). Let z = -23 - f. Calculate the highest common divisor of 90 and z.
18
Let f(j) = j**3 - 4*j**2 - 16*j + 7. Let c be f(7). Let s be 6/(-3*2/(-3)). Suppose -s*k + 105 = 2*k. Calculate the highest common factor of k and c.
21
Let w(p) = -p - 1. Let q be w(-2). Let v = 6 - q. Let a be (30/9)/(4/42). Calculate the highest common factor of v and a.
5
Suppose -4*l - 216 = -31*l. Let k be ((-4)/3)/((-3)/9). Suppose 3*i = -1 + k. What is the highest common divisor of i and l?
1
Suppose 0 = -4*j + 5*m + 285, -j + 11 = -2*m - 61. What is the greatest common factor of j and 14?
14
Let n(h) = 3*h**2 - 5*h - 6. Let c be n(-2). Calculate the greatest common factor of c and 2.
2
Let g(a) = 11*a**2 - 5*a - 6. Let h be g(-3). What is the greatest common divisor of h and 12?
12
Suppose j - 63 = 21. Let m be -3 + 2 + (0 - -22). Calculate the greatest common divisor of m and j.
21
Let i be (-30)/(-4)*(-52)/(-5). Let x be (80/(-24))/((-4)/i). What is the greatest common factor of x and 26?
13
Suppose 4*t + 12 = 0, -4*t + 2*t = 4*j + 46. Let n = -6 - j. What is the greatest common divisor of n and 44?
4
Let t(o) = o**2 - o - 2. Let x be t(3). Suppose -4 = -2*m + x. Suppose m*g = j + 93, g + 0*j = 3*j + 37. Calculate the greatest common factor of g and 2.
2
Suppose -23 + 6 = -r. Suppose 0*z - 31 = -3*z + 2*a, r = z + a. Let o be 386/6 + 4/6. What is the greatest common factor of z and o?
13
Let o(m) = -m**3 - 14*m**2 + 11*m - 4. Let p be o(-15). Let x = 12 + -5. What is the greatest common divisor of x and p?
7
Let c(h) = -h**3 + 10*h**2 - 13*h + 19. Let i be c(6). What is the highest common factor of 17 and i?
17
Let j be 38 + -1*(-2 + 0). What is the highest common factor of j and 20?
20
Let h(l) = 2*l**2 + 12*l. Suppose 2*r = -2*r - 40. Let x be h(r). Calculate the greatest common divisor of x and 16.
16
Let u(a) = a**2 + 8*a + 24. Let x be u(-3). What is the highest common divisor of x and 27?
9
Let s = -1 + 12. What is the greatest common factor of 99 and s?
11
Let s(x) = -x**3 - 6*x**2 - 5*x - 8. Let v = -3 - 3. Let h be s(v). What is the highest common divisor of 66 and h?
22
Let r(u) = u**3 + 13*u**2 + 15*u - 2. Let a be r(-11). Calculate the highest common factor of 15 and a.
15
Let m = -9 + 4. Let k = m + 10. Suppose 0*q - 90 = -k*q. What is the highest common divisor of 72 and q?
18
Let u = -52 - -88. Calculate the greatest common factor of u and 9.
9
Suppose -5*f - 9 = n - 1, 0 = -2*f - 4. Suppose 0 = m - 5 + 2. What is the highest common factor of m and n?
1
Suppose -3*s + 4 = -20. Suppose -c + s = -2. Suppose 5*u = u + 20. What is the greatest common factor of u and c?
5
Let i(s) = s**3 - 10*s**2 + 7*s + 19. Let t be i(9). Suppose -5*z - 2*k = 3, 0 = 5*z - 4*k + k - 17. Calculate the highest common divisor of z and t.
1
Suppose 4*x = 3*x + 96. Let o(d) = -d**3 + 7*d**2 - 3*d - 6. Let s be o(6). Calculate the greatest common factor of s and x.
12
Suppose -2*m - 3*n = m - 42, 0 = -n - 1. Calculate the greatest common divisor of 135 and m.
15
Suppose 5*q = f + 799, -q - 2*f = q - 322. Suppose -10*w + q = -5*w. Calculate the highest common factor of 8 and w.
8
Suppose -m + 19 = 2*j, 2*j - 2 + 8 = 0. Calculate the greatest common divisor of m and 125.
25
Let j be 12 + 0 - (-3)/(-1). Suppose -j + 0 = -g. Let b = 33 - g. Calculate the greatest common factor of b and 16.
8
Let j be (3*-1)/((-18)/12). Let i be (-162)/(-10) + j/(-10). What is the highest common divisor of 16 and i?
16
Let o(z) = z**2 - 17. Let v be o(-7). Calculate the highest common factor of v and 64.
32
Suppose -2*c + 160 = 2*c. Let t = c + -13. Suppose 2*m = 3*y + 6 - 54, -5*y + 4*m = -78. What is the greatest common factor of t and y?
9
Suppose -2*h - 2*s + 0*s + 88 = 0, 102 = 3*h - 3*s. Let u = -6 - -6. Suppose u = -x + 7 + 6. Calculate the greatest common divisor of h and x.
13
Let d be 6/15 + (-459)/(-15). Let v = d - 20. Let y = v - 5. Calculate the greatest common factor of y and 66.
6
Let m be -3 + 4 + 2 - -85. Calculate the greatest common divisor of 11 and m.
11
Let c = 15 - 5. Suppose 3*t + c = 307. Let j be -2 - -26*2/4. Calculate the greatest common factor of j and t.
11
Let w = 173 + -97. Calculate the highest common factor of w and 4.
4
Suppose -3 = 4*u - 35. What is the highest common factor of u and 2?
2
Let j = 43 + -15. What is the greatest common divisor of j and 84?
28
Let x(y) = 2*y**3 - 2*y**2 - 2*y + 2. Let m be x(4). Calculate the highest common factor of 10 and m.
10
Let v(y) = -y**2 - 2*y + 5. Let h be v(-4). Let a = h + 5. Suppose -1 = -z + 2*c, -a*z + c + 8 = -0. Calculate the greatest common factor of 5 and z.
5
Let b be (-1016)/(-3)*(-12)/8. Let t be b/6 + 2/3. Let k be (3 + t)/(-1 + 0). What is the highest common factor of 9 and k?
9
Let h = 58 - -173. Suppose -z + 24 = o, 3*z - 48 = -0*z + 5*o. What is the highest common divisor of z and h?
21
Let k = 43 + -15. Let l = 52 - k. Calculate the highest common divisor of 8 and l.
8
Suppose -q + 40 = -0*r + 2*r, 5*q = 0. Suppose 2*z - z = r. Let l be (12 + -2)*1*5. What is the highest common divisor of z and l?
10
Let x = -31 + 32. Calculate the highest common factor of x and 4.
1
Suppose -10 = 4*x - 30. Let g(v) = -5 + v + 2*v**2 - x*v - v**2. Let m be g(9). Calculate the greatest common divisor of m and 8.
8
Suppose -2*s - 3*r + 21 = 0, -2*r + 58 = 2*s + 3*s. What is the highest common factor of 108 and s?
12
Let i be (-72)/((4 - 1)/(-3)). Suppose 0 = -3*p + 5*p - i. What is the greatest common factor of 4 and p?
4
Suppose -2*j - 5 + 33 = 0. Let o be (j/(-21))/(2/(-324)). Calculate the highest common factor of 12 and o.
12
Suppose 3*k - 2*p = 80, 2*k - 4*p - 9 = 39. Suppose d - k = -4*r, -d = -2*d + 5*r + 28. What is the highest common divisor of 4 and d?
4
Suppose -135 = 31*a - 36*a. Calculate the highest common factor of 9 and a.
9
Suppose -3*i + 0*y = 3*y - 42, 4*i - 5*y - 29 = 0. Calculate the highest common divisor of 77 and i.
11
Suppose -2*p - 2 = 2, -4*p = -4*w + 48. Let n be ((-405)/12)/((-6)/16). Calculate the highest common divisor of w and n.
10
Suppose 0 = -2*a + 8. Suppose -4*y - a*n = -892, -4*n = -0*y + 5*y - 1110. Let q = -74 + y. What is the highest common factor of q and 18?
18
Let o(l) = -10*l - 4. Let d(y) = -49*y - 19. Let n(f) = -2*d(f) + 11*o(f). Let x be n(-5). What is the highest common factor of 6 and x?
6
Suppose -3*k = 4*a - 5, -4*a = -3*k - 3*a + 10. Calculate the greatest common divisor of k and 33.
3
Let m = 343 - 563. Let r be (4 + -3)/((-2)/m). Let a be -2*2/(-4)*10. What is the highest common divisor of a and r?
10
Let v be -1 - -10 - (2 - 5). Calculate the greatest common factor of v and 60.
12
Let d(h) = h**3 - h**2 - 3*h + 8. Let m be d(4). Calculate the greatest common divisor of 11 and m.
11
Let m(g) = 16*g**2 + 4*g - 2. Let u be m(1). Suppose k - 139 = -3*t - 3, -2*t + 5*k = -85. What is the greatest common factor of t and u?
9
Suppose 40 = 4*p - 24. Let i be -32*(